 the tens digit of 792/27*l/2?
4
Let k = -176 - -170. Let q(g) = 6*g**2 + 3*g - 10. What is the tens digit of q(k)?
8
Let r = 104 - 104. Suppose r = -13*h - 0*h + 3744. What is the units digit of h?
8
Suppose -b + 4*v = -13159, 0 = 2*b + 4*v - 15413 - 10845. What is the ten thousands digit of b?
1
Let t(l) = 527*l**2 + 9*l - 3. What is the thousands digit of t(-2)?
2
Let b(x) = 72*x**2 - 4*x - 3. Let o(z) = -360*z**2 + 21*z + 15. Let w(l) = -11*b(l) - 2*o(l). Let i be w(-1). Let v = i - -77. What is the units digit of v?
6
Let f be 45/(-30) + 37/2. Suppose 1197 = f*x - 10*x. What is the units digit of x?
1
Let k(o) = o**3 - o**2 + o + 5. Let v be k(0). Suppose v*a + 13 = -37. What is the units digit of 4/16*-10*24/a?
6
Suppose -250*w + 240*w + 53010 = 0. What is the hundreds digit of w?
3
Let b(a) = -3499*a + 470. What is the hundreds digit of b(-4)?
4
Let j(f) = 4*f**3 + 5*f**2 + 14 - 3*f**3 + 5*f + 0*f**3 - 12. Let l be j(-3). Suppose -l*d - 8 = -3*q, 0*d - d - 5 = -4*q. What is the units digit of q?
1
Suppose 0 = -2*h + 8, 24567 + 13713 = 4*m - 3*h. What is the units digit of m?
3
What is the hundreds digit of 45585 + (-16 - 1566/(-99)) + 31/(-11)?
5
Let r = 868 - -12203. Suppose -16*p = 319 - r. What is the tens digit of p?
9
Suppose -4*f - f + 1142 = -4*d, 0 = 4*f - 4*d - 912. Suppose -8*b = -f - 130. Suppose -50*l = -b*l - 365. What is the tens digit of l?
7
Let d = 7572 + -4962. Suppose 4*z - d + 6904 = 5*a, -5*a - z = -4314. What is the units digit of a?
2
Let l(x) be the second derivative of x**4/3 - x**3/2 + 21*x**2 + 144*x. What is the tens digit of l(-10)?
7
Let r = 22450 - 10024. What is the tens digit of r?
2
Suppose -3*u + x - 34 = 204, 0 = 4*u - x + 319. Let j = 84 + u. Suppose 3*d = -3*i + 465, j*i - 519 = -5*d - 58. What is the tens digit of i?
5
Let y(q) be the second derivative of 2/3*q**3 + 0*q**4 + 7/20*q**5 - 7/2*q**2 + 0 - 3*q. What is the tens digit of y(3)?
9
Suppose -4*d + 4*j + 1464 = 5*j, 5*j - 1480 = -4*d. Suppose -4*r = k - 530 - 975, d = r + 4*k. What is the tens digit of r?
7
Let t be ((-3)/(-1))/9*(8 + -2). Suppose 4*q = t*q + 2. What is the hundreds digit of q/(-3)*(-351 - 0)?
1
Let j(z) = z**3 - 2*z**2 - 2*z - 12. Let a be j(4). Suppose a*y + 1200 = 17*y. What is the tens digit of y?
4
Let x(z) = -z**3 - z**2 + z - 182. Let q be x(0). Let t be (4 + -3)*-1 + q/(-2). Suppose t = -4*n + 5*n. What is the units digit of n?
0
Let m be -1*-6*(32/(-12) + 3). Suppose 3*b = m*a + 1937, 9*b - 14*b + 2*a = -3223. What is the tens digit of b?
4
Let s(x) = 70*x**2 - 23*x + 33*x**2 + 2*x + 6*x**2 - 1 + 0*x. What is the hundreds digit of s(-3)?
0
Suppose 21 = y + 42. What is the units digit of ((-78)/(-5))/(11/((-770)/y))?
2
Let d(w) be the third derivative of 65*w**4/24 + 7*w**3/6 - 3*w**2 + 3*w. What is the hundreds digit of d(2)?
1
Suppose -u + 5 - 12 = 0, 2*l - 4*u - 7142 = 0. What is the thousands digit of l?
3
Let w = -76 + 86. Suppose -w*p + 21 = 1. Suppose p*q = 26 - 0. What is the units digit of q?
3
Let r be ((-14)/(-21))/(2/9). Suppose -6*i = -8*i - r*y + 214, 0 = 3*i + 2*y - 326. What is the tens digit of i?
1
Let n = 1126 + 199. What is the tens digit of n?
2
Let p(r) = r**3 - 5*r**2 - 6*r + 1. Let a be p(6). Let u be a - (-2 - -42)*-4. Suppose h + 41 - u = 0. What is the hundreds digit of h?
1
Let j = 446 - -697. Suppose 3*d + 321 = j. Let b = d - 174. What is the hundreds digit of b?
1
Suppose 2*t + 10 = 5*v - 98, 5*t + 240 = 5*v. Let c = -262 - -317. Let u = c + t. What is the units digit of u?
1
Suppose 143244 = 5539*w - 5516*w. What is the hundreds digit of w?
2
Suppose -104006 = -26*t + 1028840. What is the ten thousands digit of t?
4
Suppose -6*k + 18 = -6, 3*k = -4*q + 81348. What is the hundreds digit of q?
3
Suppose 81*q + 84 = 67*q. What is the units digit of (-830)/(-9) + 2 - q/(-27)?
4
Suppose -2*j - 14*s = -10*s - 5060, j - 2528 = -4*s. What is the tens digit of j?
3
Suppose -11 + 315 = 4*u. Suppose 4*r - 182 = 2*t, -3*r + 50 + u = 2*t. Suppose -l - 5*p + r = 8, -l + p = -30. What is the units digit of l?
1
Let f(b) = 7036*b**3 - 6*b + 7. What is the tens digit of f(1)?
3
Let h be (-4)/(-1) - 2/(-1). Let p be (h + -18)*((-1)/3)/1. Suppose 0 = 3*g - 6 - 3, 2*y + p*g - 130 = 0. What is the tens digit of y?
5
Let l(j) = -j**3 - 56*j**2 - 15*j - 780. What is the thousands digit of l(-57)?
3
Let v = 384 - 55. Let r = v + 362. What is the hundreds digit of r?
6
Suppose -3*p + 2*g + 4 = -6, p - 3*g - 1 = 0. Suppose -p*j - 4474 = 2*l, l + 5597 = -5*j - 0*l. What is the tens digit of (-1)/(-3)*-1 + j/(-48)?
2
Suppose 0 = c - 47 + 39. Suppose 5*i = 2*p - 235, -4*p - 500 = -c*p + 4*i. What is the units digit of p?
0
Let c(m) = -m**2 + 77*m + 16. What is the units digit of c(62)?
6
Let r(c) = 24*c + 3. Let o be r(0). Suppose 12 = -3*j, -147 = -10*x + 7*x - o*j. What is the tens digit of x?
5
Let h(c) = -c**3 - 3*c**2 + 2*c - 4. Let k be h(-4). Let n be k/4 + (-4 - -2). What is the units digit of n/(-1) - -2 - -52?
5
Let l(y) = -y**2 - 28*y - 77. Let z be l(-25). Let w(b) = 6*b**2 + 7*b + 18. What is the tens digit of w(z)?
2
Let t(x) = 4*x**3 + x - 6*x - 10*x**2 + 7*x + 7*x. Let k be t(6). What is the units digit of k/7 + 2/7?
0
Let z = -31 + 189. Suppose -369*t + 490*t = 242. Suppose 0*w - 3*r - z = -t*w, -4*w - 4*r + 276 = 0. What is the units digit of w?
3
Suppose -4*o - 5*p - 376 = 999, o + p = -343. What is the hundreds digit of 4/(-5) - 209372/o?
6
Let x(w) be the first derivative of -35*w**2/2 - 4*w - 146. Let t be -5 + 2*1/1. What is the units digit of x(t)?
1
Suppose 4*k - 29917 = -3*f, 2*f + 2*k - 3534 - 16414 = 0. What is the tens digit of f?
7
Let b(h) = -h**3 + 14*h**2 + 10*h. Suppose -154 = 213*z - 227*z. What is the hundreds digit of b(z)?
4
Let z(k) = -k**2 - 11*k + 1. Let b = -14 - -6. Let q be z(b). Suppose 5*t - q = 460. What is the tens digit of t?
9
Let v(n) be the third derivative of -n**4/3 + 5*n**3/2 + 4*n**2. Suppose 5*a = 3*d + 6, 4*d + 4*a + 5 = 5*d. What is the units digit of v(d)?
1
Let j(b) = -6*b - 60 + 65 - 75. Let g be j(-15). What is the units digit of (-445)/(-20) - 5/g?
2
Suppose -2*z - 453 = 2*k - z, 5*z - 447 = 2*k. Suppose -1071*f - 72 = -1077*f. What is the tens digit of (33/(-18))/(-11) - k/f?
1
Let q(y) = -368*y + 114. Let k(s) = 369*s - 113. Let a(n) = -5*k(n) - 6*q(n). What is the units digit of a(5)?
6
What is the tens digit of (-10641)/15*-5*4?
8
Let u(y) = -13*y**3 - 3*y**2 - 12*y - 78. What is the hundreds digit of u(-9)?
2
Let g = 11533 + -6491. What is the tens digit of g?
4
Suppose 7*o - 24927 - 8785 = 3*o. What is the tens digit of o?
2
Let x(o) = -o**3 + 10*o**2 + 2*o - 16. Let s be x(10). Suppose 0 = -s*m + 8. Suppose 5*h + r = 1033, 4*h = -4*r + m*r + 830. What is the hundreds digit of h?
2
Suppose -4*c + 7*c + 4*u - 29 = 0, 5*c - 33 = u. Let z(q) = -4*q**2 + 5*q + 5. Let v(h) = h - 1. Let a(k) = -3*v(k) - z(k). What is the units digit of a(c)?
8
What is the ten thousands digit of ((-210)/20 - -11)*(1 + 1 + 42436)?
2
Let g = -1671 + 5405. What is the thousands digit of g?
3
Let w(x) = 2*x**3 + 7*x**2 + 3*x - 22. What is the tens digit of w(10)?
0
Suppose g + 4*s - 1990 = 0, -21*g + 16*g = s - 10007. Suppose 14*r - g = 4312. What is the tens digit of r?
5
Let b = 65559 + -33514. What is the tens digit of b?
4
Let a(k) = 11*k**2 + 2*k**3 - 3*k**3 - 25*k + 20 - 29*k + 43*k. What is the tens digit of a(9)?
8
Let q(f) = 325*f**3 - 5*f**2 + 5*f + 4. What is the tens digit of q(5)?
2
Suppose 31 = 5*p + 6, 0 = -2*f - 4*p. Let y(i) = 8*i**2 - 2*i - 42. Let u(m) = -m**2 + m + 2. Let j(k) = 6*u(k) + y(k). What is the tens digit of j(f)?
3
Let x = -2750 + 3724. What is the hundreds digit of x?
9
Let q = -24929 - -35598. What is the units digit of q?
9
Let f(w) be the first derivative of -w**4/4 + 23*w**3/3 - 19*w**2/2 - 46*w - 10. What is the units digit of f(22)?
0
Suppose q - 1723 = -3*c + 1833, -4*c - q = -4743. Suppose 4192 = 5*r + c. What is the tens digit of r?
0
Suppose -54 - 10 = -32*b. Suppose -5*h + 3*t = -1380 - 2112, -2*t + 1400 = b*h. What is the tens digit of h?
9
Suppose 8*a - 107620 = -24066 + 2830. What is the ten thousands digit of a?
1
Suppose 567 = t + 20*t. Suppose -t*n = -30*n + 1068. What is the hundreds digit of n?
3
Let b(v) = v**2 - 9. 